ded by 51.
43
What is the remainder when 1314881 is divided by 51?
50
What is the remainder when 1778138 is divided by 260?
258
What is the remainder when 15330 is divided by 34?
30
What is the remainder when 11398 is divided by 328?
246
Calculate the remainder when 27192 is divided by 210.
102
What is the remainder when 512 is divided by 109?
76
Calculate the remainder when 98813 is divided by 24685.
73
Calculate the remainder when 195493 is divided by 500.
493
What is the remainder when 38317 is divided by 18?
13
What is the remainder when 44549 is divided by 696?
5
Calculate the remainder when 403313 is divided by 860.
833
Calculate the remainder when 2723 is divided by 24.
11
Calculate the remainder when 1142 is divided by 275.
42
Calculate the remainder when 122674 is divided by 61275.
124
Calculate the remainder when 6210 is divided by 3103.
4
What is the remainder when 62141 is divided by 82?
67
Calculate the remainder when 57620 is divided by 21.
17
What is the remainder when 3961 is divided by 329?
13
What is the remainder when 3931 is divided by 197?
188
Calculate the remainder when 227489 is divided by 30.
29
What is the remainder when 1229 is divided by 170?
39
What is the remainder when 5537 is divided by 1358?
105
Calculate the remainder when 1713 is divided by 51.
30
Calculate the remainder when 1423390 is divided by 355846.
6
What is the remainder when 147673 is divided by 165?
163
What is the remainder when 5485 is divided by 900?
85
What is the remainder when 66550 is divided by 493?
488
Calculate the remainder when 12495 is divided by 457.
156
What is the remainder when 1450 is divided by 50?
0
Calculate the remainder when 2047496 is divided by 315.
311
What is the remainder when 71624 is divided by 55?
14
What is the remainder when 2205 is divided by 2018?
187
What is the remainder when 5936 is divided by 24?
8
What is the remainder when 19709 is divided by 542?
197
Calculate the remainder when 4083 is divided by 4059.
24
Calculate the remainder when 162294 is divided by 38.
34
Calculate the remainder when 217811 is divided by 72600.
11
What is the remainder when 415316 is divided by 107?
49
What is the remainder when 125453 is divided by 11404?
9
Calculate the remainder when 17905 is divided by 31.
18
Calculate the remainder when 193949 is divided by 352.
349
What is the remainder when 976751 is divided by 126?
125
What is the remainder when 250153 is divided by 362?
11
What is the remainder when 7018 is divided by 98?
60
What is the remainder when 245164 is divided by 14?
10
Calculate the remainder when 25453 is divided by 6341.
89
What is the remainder when 147745 is divided by 284?
65
What is the remainder when 7934 is divided by 67?
28
What is the remainder when 2566 is divided by 284?
10
What is the remainder when 70401 is divided by 13?
6
Calculate the remainder when 2661 is divided by 65.
61
What is the remainder when 3084 is divided by 2150?
934
What is the remainder when 110384 is divided by 33?
32
Calculate the remainder when 55785 is divided by 51.
42
What is the remainder when 680 is divided by 369?
311
Calculate the remainder when 2197 is divided by 330.
217
Calculate the remainder when 19692 is divided by 266.
8
What is the remainder when 59399 is divided by 396?
395
Calculate the remainder when 97050 is divided by 16154.
126
Calculate the remainder when 29302 is divided by 2093.
0
Calculate the remainder when 160687 is divided by 2975.
37
Calculate the remainder when 13181 is divided by 2188.
53
What is the remainder when 3102 is divided by 941?
279
What is the remainder when 139560 is divided by 8206?
58
Calculate the remainder when 19450 is divided by 19443.
7
Calculate the remainder when 1410 is divided by 271.
55
Calculate the remainder when 159094 is divided by 4.
2
Calculate the remainder when 988653 is divided by 13543.
14
Calculate the remainder when 524159 is divided by 312.
311
Calculate the remainder when 1274 is divided by 1237.
37
Calculate the remainder when 34927 is divided by 9.
7
What is the remainder when 15195 is divided by 4882?
549
Calculate the remainder when 147776 is divided by 217.
216
Calculate the remainder when 14664 is divided by 666.
12
What is the remainder when 1341 is divided by 417?
90
Calculate the remainder when 10075 is divided by 204.
79
What is the remainder when 26118 is divided by 768?
6
What is the remainder when 39478 is divided by 110?
98
Calculate the remainder when 4689 is divided by 390.
9
What is the remainder when 888867 is divided by 4?
3
What is the remainder when 1309 is divided by 368?
205
Calculate the remainder when 73026 is divided by 36016.
994
Calculate the remainder when 7682 is divided by 1889.
126
Calculate the remainder when 71625 is divided by 628.
33
What is the remainder when 18303 is divided by 558?
447
What is the remainder when 30261 is divided by 32?
21
What is the remainder when 886 is divided by 44?
6
What is the remainder when 346 is divided by 229?
117
What is the remainder when 78672 is divided by 78535?
137
Calculate the remainder when 63861 is divided by 37.
36
What is the remainder when 44111 is divided by 507?
2
What is the remainder when 8954 is divided by 230?
214
Calculate the remainder when 2717 is divided by 112.
29
Calculate the remainder when 35811 is divided by 35809.
2
Calculate the remainder when 676423 is divided by 17.
10
Calculate the remainder when 53702 is divided by 467.
464
What is the remainder when 4295 is divided by 309?
278
What is the remainder when 45185 is divided by 74?
45
What is the remainder when 27946 is divided by 928?
106
What is the remainder when 743 is divided by 144?
23
Calculate the remainder when 9849 is divided by 1968.
9
What is the remainder when 23648 is divided by 36?
32
Calculate the remainder when 228 is divided by 20.
8
What is the remainder when 17092 is divided by 8467?
158
Calculate the remainder when 33241 is divided by 3691.
22
Calculate the remainder when 21194 is divided by 366.
332
What is the remainder when 13920 is divided by 87?
0
What is the remainder when 90168 is divided by 509?
75
What is the remainder when 451 is divided by 88?
11
What is the remainder when 12905 is divided by 1308?
1133
Calculate the remainder when 22147 is divided by 11054.
39
Calculate the remainder when 263823 is divided by 16.
15
Calculate the remainder when 69243 is divided by 41.
35
What is the remainder when 33646 is divided by 2?
0
What is the remainder when 273421 is divided by 1321?
1295
Calculate the remainder when 1226 is divided by 1161.
65
What is the remainder when 1713 is divided by 832?
49
What is the remainder when 24114 is divided by 2410?
14
What is the remainder when 17320 is divided by 578?
558
What is the remainder when 3471 is divided by 56?
55
What is the remainder when 27943 is divided by 4633?
145
Calculate the remainder when 21853 is divided by 308.
293
What is the remainder when 91491 is divided by 23?
20
Calculate the remainder when 456837 is divided by 23.
11
What is the remainder when 3337 is divided by 586?
407
Calculate the remainder when 1609 is divided by 316.
29
Calculate the remainder when 85443 is divided by 846.
843
What is the remainder when 1488298 is divided by 726?
724
What is the remainder when 3601 is divided by 325?
26
Calculate the remainder when 62922 is divided by 89.
88
Calculate the remainder when 190363 is divided by 577.
530
Calculate the remainder when 17301 is divided by 42.
39
Calculate the remainder when 198507 is divided by 30.
27
Calculate the remainder when 50276 is divided by 507.
83
Calculate the remainder when 267 is divided by 48.
27
What is the remainder when 6071 is divided by 616?
527
What is the remainder when 1301 is divided by 416?
53
What is the remainder when 132419 is divided by 12?
11
What is the remainder when 3715 is divided by 286?
283
What is the remainder when 4821 is divided by 186?
171
Calculate the remainder when 235881 is divided by 59.
58
Calculate the remainder when 13132 is divided by 11.
9
Calculate the remainder when 224 is divided by 133.
91
What is the remainder when 1007 is divided by 428?
151
Calculate the remainder when 23600 is divided by 345.
140
Calculate the remainder when 37095 is divided by 106.
101
W